is divided by 14?
11
Suppose 0 = 6*y - 1 - 29. Let h = -16 - -20. Suppose 3*z - h*n - y = -0*z, -2*z = 5*n - 34. What is the remainder when z is divided by 3?
1
Suppose -4*x = -x - 15. Let u = 11 - x. Let k = 727 + -725. What is the remainder when u is divided by k?
0
Let u(w) = w**3 + 10*w**2 + 13*w - 3. Let k(z) = z**3 + 8*z**2 + 10*z + 4. What is the remainder when u(-6) is divided by k(-6)?
15
Let l(d) = -d + 17. Suppose -2*w + 4 - 14 = 4*x, 4*w = x + 25. Calculate the remainder when l(0) is divided by w.
2
Suppose 5*u + 2*x = 18, x + 8 = -4*u + 5*x. Suppose -125 + 31 = -u*y. Calculate the remainder when y is divided by 16.
15
Suppose -2*g + 168 = 2*s, -162 = g - 3*g + s. Let n(r) = -5*r**3 + r. Let f be n(2). Let w = f + 59. Calculate the remainder when g is divided by w.
19
Suppose 0 = 4*f + 4, 4*t + 3*f + 51 = 0. What is the remainder when 18 is divided by (-3)/(9/t*1)?
2
What is the remainder when 4/(-22) - (-3)/(-11)*-514 is divided by 49?
42
Suppose 0 = -3*g - 2*r + 25, 2*r - 3*r = 3*g - 20. Suppose 5*u = f + 3, -u + g = -0. Calculate the remainder when 63 is divided by f.
19
Let f be (-12)/42 - (-130)/14. Let q(w) = 5*w - 22. What is the remainder when q(f) is divided by 8?
7
What is the remainder when 30 is divided by 21 - (((-16)/(-2) - 4) + -3)?
10
Suppose -62 = -3*n + 4*p, p - 109 = -3*n - 27. Let t be ((-5)/(-3))/(-1) - (-18)/(-54). Calculate the remainder when n is divided by t + -1 - (-30)/3.
5
Suppose 27*z - 25*z = 4. Let a be 6/(-21) - 74/(-14). Suppose -4 - 7 = -b - z*w, a*w + 39 = b. What is the remainder when b is divided by 8?
3
Calculate the remainder when (-12 + 2 + 5)*-8 is divided by 6.
4
Suppose -68 = -6*z + 106. What is the remainder when 81 is divided by z?
23
Suppose 33*j - 3 = 30*j, -f + 30 = -j. Calculate the remainder when 1703 is divided by f.
29
Let m = 7502 + -7435. Suppose 4*k = -5*i + k + 129, 2*k = 5*i - 114. What is the remainder when m is divided by i?
19
Let l(a) = a**2 + 13*a + 18. Let f be l(-10). Let t = f + 20. What is the remainder when 14 is divided by t?
6
Suppose 0 = -2*o + 2, -n - o + 10 = 4*o. Let m = n - -38. Calculate the remainder when m is divided by 22.
21
Suppose 0*p = x - 4*p - 3, x + 2*p + 3 = 0. What is the remainder when (-1)/(x*(-5)/(-285)) is divided by ((-15)/6)/1*-8?
17
Let z = 7 - 2. Let b = -101 - -106. Calculate the remainder when z is divided by b.
0
Suppose -7*l + 8*l = 68. Let q = l - 47. What is the remainder when q is divided by (-1 - 13/(-2))*2?
10
Let g = 16 - 7. Suppose 0 = p - g - 25. What is the remainder when p is divided by 18?
16
Suppose -120*g + 4 = -124*g, -22 = -y + 5*g. Calculate the remainder when 270 is divided by y.
15
Suppose 3*y = 12, 3*n - 16 = n - 3*y. Suppose n*j = -5*k + 47, 2*j = 4*k - 2*j - 32. Calculate the remainder when 20 is divided by k.
2
Let o(m) = m**3 - m**2 - 2*m + 157. Let y be ((-24)/10)/(-6) + (-4)/10. Calculate the remainder when o(y) is divided by 23.
19
Suppose 0*g = 2*p + 5*g - 17, 3*g - 23 = -2*p. Let l = p - 7. Suppose 4*v + 8 = 0, 2*w + 2*w - 108 = 4*v. What is the remainder when w is divided by l?
7
Suppose 6 - 57 = -u. Suppose 2*n - 3*d = -5*d + 38, -u = -3*n + 3*d. What is the remainder when 88 is divided by n?
16
Suppose 0 = -174*d + 170*d + 16. Suppose -5*x + 20 = 0, 4*r - 64 = x - 4*x. Calculate the remainder when r is divided by d.
1
Suppose 28 = -3*u - 17. Let v be ((-18)/u)/((-6)/(-225)). Suppose 2*c = -4*n + 28, -2*n + v = 4*c - 23. Calculate the remainder when 52 is divided by c.
16
Let x(r) = r**3 + 44*r**2 + 11*r + 529. Let l = 45 - 28. What is the remainder when x(-44) is divided by l?
11
Let n = -319 - -359. Calculate the remainder when 1278 is divided by n.
38
Let v(l) = -l**2 - 24*l - 118. Calculate the remainder when v(-10) is divided by 21.
1
Let z(u) = 4*u**2 - 5*u - 5. Let b be z(6). Suppose -2*q = 2*d - 3*q - b, -4 = -4*q. Suppose -5*s = -30 - d. Calculate the remainder when 49 is divided by s.
15
Let k = -7 + 14. Let t = k - 10. Calculate the remainder when 29 is divided by (t + -21)*(-2)/6.
5
Let q = -545 + 553. Calculate the remainder when 78 is divided by q.
6
Let c(y) = -16*y + 1. Suppose -10 = 2*a + 2. Suppose -o = o - 2*b - 52, b = 3*o - 76. Calculate the remainder when c(a) is divided by o.
22
Suppose -3*h + 329 - 96 = 2*p, 0 = 2*h - 2. Calculate the remainder when 186 is divided by p.
71
Suppose 7*h - 8 = 6. Let c be -1*(-4 - (h - 6)). Let k(m) = -m + 85. What is the remainder when k(c) is divided by 29?
27
Let n(k) = k**3 + 3*k**2 + 4. Let u be n(-3). Suppose -3*g + 126 = u*g. What is the remainder when 50 is divided by g?
14
Let t = -2 + 2. Suppose -r + 14 + 9 = t. What is the remainder when r is divided by 3 + (6 - (-1 + -2))?
11
Let o = 1 + 3. What is the remainder when 32 is divided by o + 16 + 0/5?
12
Suppose 25*c - 43 = 23*c + w, 0 = c + w - 26. Calculate the remainder when 80 is divided by c.
11
Suppose -38*c + 6536 = 38*c. What is the remainder when 164 is divided by c?
78
Let z = 47 - 29. Suppose -q + 6*l - l + 79 = 0, -5*l = 10. What is the remainder when q is divided by z?
15
Calculate the remainder when 1 - 4 - (-3498)/22 is divided by 82.
74
Suppose 6512*s - 6495*s - 2261 = 0. Calculate the remainder when s is divided by 47.
39
What is the remainder when (-21)/12 - -1 - (-10241)/44 is divided by 63?
43
Suppose -52*j + 56*j + 2*v = 54, -4*j = -v - 63. What is the remainder when j is divided by 15?
0
Let g(p) = -19*p**3 - p**2 - 2*p - 3. Suppose -238 + 10 = -12*k. What is the remainder when g(-2) is divided by k?
16
Let n(x) = 14*x + 1. Let l be -2 + (2 - (-4)/(-4) - 58). Let c = l - -87. Calculate the remainder when c is divided by n(1).
13
Let z = -43 - -61. What is the remainder when z is divided by ((-8253)/108)/(-7) + 2/24?
7
Let c(p) = 2*p + 46. Let b = 13 + -10. Suppose 15 = b*n, n + 23 = d + 4*n. Calculate the remainder when d is divided by c(-20).
2
Suppose 20 = 5*j, -3*s + j - 64 + 159 = 0. What is the remainder when 79 is divided by s?
13
Let k = 405 + 302. Suppose 11 = -4*r + k. Suppose 5*v - 241 = r. Calculate the remainder when v is divided by 21.
20
Suppose -3*b = -5 - 4. Suppose k - 6 = -b. Suppose -k*i = -83 + 23. Calculate the remainder when 55 is divided by i.
15
Let g(v) = v - 10. Let d(y) = -5*y + 39. Let n(b) = -2*d(b) - 9*g(b). Calculate the remainder when n(-3) is divided by 3.
0
Let a = -43 - -74. Let d(o) = 37*o - 273. Calculate the remainder when d(9) is divided by a.
29
Let c(v) = 24*v**2 + 2*v - 6. Calculate the remainder when c(2) is divided by 11.
6
Let d = 47 - 89. Let z = 54 + d. What is the remainder when 69 is divided by z?
9
Suppose -3*u - 5*a = 403, 10*a - 277 = 2*u + 5*a. Let h = u + 157. Calculate the remainder when 83 is divided by h.
20
Suppose -155 = -5*x + 4*y, y - 37 = -x + 3*y. Suppose x*w - 26*w - 41 = 0. Suppose a + 42 = 3*a. Calculate the remainder when w is divided by a.
20
Let u(f) = 8*f**2 - 59*f + 2. What is the remainder when 83 is divided by u(8)?
41
Suppose n + 3*y - 5 = -n, 0 = 2*n + y - 11. Let q = 53 + -35. What is the remainder when q is divided by n?
4
Let l(m) = m**3 - 12*m**2 - 10*m - 17. What is the remainder when 29 is divided by l(13)?
7
What is the remainder when (143 - (-12)/(-12)) + -7 is divided by 46?
43
Suppose -4*b - 22 = 18. Let a(d) = -d**3 - 9*d**2 + 10*d + 22. Calculate the remainder when a(b) is divided by 9.
4
Let c(l) = 16*l**2 - 33*l + 3. Calculate the remainder when c(4) is divided by 23.
12
Suppose -7*f - 18 = -8*f. Calculate the remainder when 68 is divided by f.
14
Let w = 235 + -92. Suppose -s - 50 = -w. Calculate the remainder when s is divided by 24.
21
Suppose 3*c = c + 5*z - 4, 3*c = 3*z + 3. Let l = 39 - 34. Suppose -c*q + 4*m - 5 = 0, -2*m + l = -m. What is the remainder when 13 is divided by q?
3
Let j(o) = o**3 - 15*o**2 - 17*o + 20. Let p be j(16). Let s be p/(-22) + (-3669)/(-33). Let q = s + -51. Calculate the remainder when q is divided by 31.
29
Let w = 6 - -13. Calculate the remainder when 9 + 25 + -1*3 is divided by w.
12
Let j = -468 - -478. Suppose -4*t - 133 = -409. Calculate the remainder when t is divided by j.
9
Let y = 199 - 85. Let w(a) = -29*a. Calculate the remainder when y is divided by w(-1).
27
What is the remainder when 138 is divided by (0 + 10)*((-70)/25)/(-1)?
26
L